3 + z**2. Let t(g) = g - 2*g**2 + 2*g + g - 5*g + 1 - 4*g**2 - 3*g**3. Let f(k) = k - 9. Let v be f(8). Let n(m) = v*t(m) - 2*s(m). Give n(-4).
-5
Let t(s) be the third derivative of s**8/20160 - s**7/5040 + s**6/720 + 7*s**5/15 + 152*s**2. Let n(m) be the third derivative of t(m). What is n(-2)?
7
Let b = 73173/2 + -36586. Let z(v) be the first derivative of -b*v**2 - 28 + 2*v. What is z(5)?
-3
Let o(n) = 49*n + 286. Let l(w) = -w**2 + 96*w - 2054. Let t be l(64). Give o(t).
-8
Let q(u) be the second derivative of -u**5/20 + 5*u**4/12 + u**3 - u**2 - u. Let i = -125766 - -125772. Determine q(i).
-2
Let h = 597 - 592. Let c(t) = t**2 - 2*t + 5. Give c(h).
20
Let l(j) be the third derivative of -5*j**4/24 - 16*j**3/3 - 6*j**2 + 31. Calculate l(-6).
-2
Let x(a) be the second derivative of -a**5/20 - 5*a**4/6 + 2*a**3 + 6*a**2 - 4*a. Suppose -2*y + 219*y + 1270 = -1117. Calculate x(y).
1
Let i(w) = 2*w + 5. Let l(a) = -a + 1. Let m = -32 - -44. Let h be (8 - m) + 3/1. Let x(g) = h*i(g) + 2*l(g). Give x(4).
-19
Let v(f) = f**2 + 5*f + 2. Let w(q) = q**3 - 20*q**2 - q + 3. Let d be w(19). Let r = 371 + d. What is v(r)?
8
Let f = 335 + -335. Suppose -5*q = 4*b + 15, f*b = b. Let v(z) = z**2 + 5*z + 2. Determine v(q).
-4
Let v(q) = 2*q**2 + 4*q + 4. Let t(i) = 27*i**3 + 4 + 37*i**3 - 65*i**3 + 7*i - 5*i**2. Let h be t(-6). Let y be v(h). Let x(o) = o**2 - 2*o - 5. What is x(y)?
3
Suppose 21*h = 36 - 120. Let v be 3 - 7 - (h - -1). Let w(k) = -7*k**3. Calculate w(v).
7
Let l(r) be the third derivative of r**5/30 - 5*r**4/12 + r**3 + 7314*r**2. Give l(3).
-6
Let r(g) = 2*g**2 + 10*g - 22. Let y be r(-7). Suppose -2 = n - 2*n. Let a be ((-1)/2 - y/(-4))*n. Let q(x) = 9*x**2 - 2*x - 2. Determine q(a).
30
Let r(h) = h**2 + 6*h - 8. Suppose 5*a - 1 + 12 = 4*t, -16 = 4*a + 4*t. Let s be (a/(-18)*16 - 1)*-3. Calculate r(s).
-13
Let a(l) = l**3 + l**2 - 3*l - 8. Let t(s) = s**2 + 45*s - 250. Let j be t(-50). What is a(j)?
-8
Let j = -529 - -533. Let k(a) = -2 - 24*a + a + 24*a. What is k(j)?
2
Let k(i) = 28*i - 1. Let m(r) = -6*r**3 - 34*r**2 + r + 106. Let j(c) = c**3 + 7*c**2 - 21. Let q(g) = -11*j(g) - 2*m(g). Let b be q(9). Determine k(b).
27
Let f(p) = p**3 - 8*p**2 + p - 2. Suppose 5*v = -4*s + 25 + 13, -v + 8 = s. Suppose 4*a - 2*z = 40, a + 3*z = v*z + 20. Determine f(a).
6
Let p(c) = c**2 - 3*c - 1. Let w(y) = -6*y - 6 - 17*y**2 + 37*y**2 + 4 - 18*y**2. Let s(a) = -13*p(a) + 6*w(a). Give s(5).
-9
Let p(f) = f**3 + 5*f**2 - 3. Let z(d) = -3 - 14*d**2 + 3 + 17*d**2 - 1. Let t be z(-2). Suppose 0 = -t*o - 45 - 10. Calculate p(o).
-3
Let d(c) = -7*c**2 - 23*c - 1 - 17*c + 0 - 5*c + 50*c. Calculate d(4).
-93
Let p(w) be the first derivative of -1/2*w**2 + 4*w**3 + w + 48. What is p(1)?
12
Let d be 12 - (20/(-90) + 112/18). Let f(n) = -7*n - n**3 + 1 + 0*n**2 + d - 14 - 7*n**2. Calculate f(-5).
-22
Let n be (36/27*35/(-28))/(10/12). Let y(l) = 4*l - 44. What is y(n)?
-52
Let h(a) = a - 5. Suppose 3*f - 15 = 0, -3*f + 19 = -2*x - 4. Let g be ((4/1)/x)/1. Let v(u) = u + 1. Let l(s) = g*v(s) - h(s). Calculate l(5).
-6
Suppose -v + 3*l = -5*v - 7, -4*v = -2*l - 18. Suppose -87*p = -88*p - v. Let w(b) = b**3 + b**2 + 2*b + 3. Determine w(p).
-5
Let v(d) = 2413*d + 14462. Let y be v(-6). Let g(w) = w**3 + 7*w**2 - 143*w + 13. What is g(y)?
-3
Let u(x) = 121*x**3 - x**2. Let d = 12494 - 12493. What is u(d)?
120
Let b(a) = -a**3 - 2*a**3 + a - 2*a**3. Suppose 9 = -16*r + 17*r, 0 = w - 4*r + 35. Determine b(w).
-4
Let s(u) = -2*u + 35. Let y be s(18). Let a be ((0 + -1)*y)/(3 + -4). Let k be a - (-1 + -2 - -4). Let z(h) = -h**3 + 3*h + 3. What is z(k)?
5
Let b(i) be the first derivative of -2*i**3 - i**2 + i + 1477. Determine b(-2).
-19
Let s(v) = 13*v + 1211. Let j be s(-93). Let m(k) = -13*k - 3. Determine m(j).
-29
Let o be ((-36)/(-12) - -16) + -40. Let c(y) = -2*y**3 - 41*y**2 + 21*y - 1. Calculate c(o).
-1
Suppose 0 = 4*a + 4*u + 48, 0 = 378*a - 379*a + 4*u + 18. Let x(v) = -15*v - 75. Calculate x(a).
15
Let p(g) = 19*g**2 + 12*g - 23. Let o(w) = -28*w**2 - 18*w + 33. Let t(v) = 5*o(v) + 7*p(v). Give t(-3).
-41
Let q(t) = -t**3 - 6*t**2 + 7*t - 8. Let o be (7 - 2)/(6/12). Let j be (-35)/o*-2*-1. Give q(j).
-8
Let k(i) = -8*i - 18. Let w be 126/(-49) - 1 - (-48)/84. Give k(w).
6
Let b(q) = -4*q**3 - 8*q**2 - 22*q + 6. Let d(u) = 3*u**3 + 8*u**2 + 14*u - 6. Let k(a) = -2*b(a) - 3*d(a). Determine k(-9).
69
Let s(q) = -q. Let a(b) = -4*b + 1. Let k(f) = f**2 + 1. Suppose 5*y = -1 - 9. Let x be k(y). Let o(j) = x*s(j) - a(j). What is o(3)?
-4
Let f(y) be the third derivative of y**5/30 - y**4/8 - y**3 - 130*y**2 - 38. Give f(3).
3
Let g(z) be the first derivative of -2/3*z**3 - 7 - 4*z + 5/2*z**2. What is g(3)?
-7
Suppose 21*w - 584 = -563. Let z(l) = -l + 2. Suppose 0 = 5*a + 4*b - 1, 2*b = 3*a - 7*a + 2. Let k(c) = 1. Let v(n) = a*z(n) - k(n). Give v(w).
0
Let u(a) = 6*a - 52. Let s(t) = 3*t**2 - 68*t - 137. Let g be s(-2). Give u(g).
14
Suppose a - 110 = -85. Let u = a + -22. Let c(o) = -2*o**3 + 4*o**2 - o - 13. Let l(w) = -w**3 + 2*w**2 - w - 7. Let d(i) = 3*c(i) - 5*l(i). What is d(u)?
-7
Let s(g) = -23*g**3 + 8*g**2 + 9*g - 12. Let y(k) = 29*k**3 - 8*k**2 - 10*k + 11. Let j(q) = 5*s(q) + 4*y(q). Give j(-7).
-2
Let p(m) = -m**2 - 9*m + 1. Let a(h) = 6*h**2 + 46*h - 6. Let w = 70 + -59. Let t(x) = w*p(x) + 2*a(x). Let o = 16 - 10. Calculate t(o).
-7
Suppose -d = 4*c - 22, -2*d + 5*c - 10 = -15. Let l(f) = 4*f - 4 - 6*f**2 - d*f + f**3 + 0*f. Give l(7).
3
Suppose -696*i + 680*i + 192 = 0. Let p(d) = 20*d - 224. Calculate p(i).
16
Let t(m) be the third derivative of -m**4/24 + 3*m**3 - 736*m**2. Calculate t(-13).
31
Let x(s) = -s**2 + s - 3 + 0 + 2*s. Let u(o) = 4*o + 163. Let t be u(-29). Let i = 50 - t. What is x(i)?
-3
Suppose -d + 2*q = -0*q + 7, -5*d + 2*q = -5. Let p be (-2)/(-6) - 1/d. Suppose -3*h + 0*g + 3*g + 45 = p, 5*h - g = 55. Let r(i) = i - 3. Calculate r(h).
7
Let q be (-2)/(-2) + (-5 + (21 - 14) - 10). Let b(w) = w**3 + 8*w**2 + 5*w - 13. What is b(q)?
1
Let p(s) be the second derivative of s**3/6 - 3*s**2/2 - s. Let a(w) = -20*w + 223. Suppose 274*g - 284*g + 110 = 0. Let c be a(g). Give p(c).
0
Let d be (2 - -3)/(8/16). Suppose -d*m = -9*m - 4. Let x(p) = p - 6. Calculate x(m).
-2
Let h(y) = -9*y**2 + 5*y + 22. Let g(x) = -5*x**2 + 3*x + 12. Suppose -30 = 4*l - 2*z, 9*z - 12*z = l + 4. Let m(d) = l*g(d) + 4*h(d). Calculate m(3).
-8
Let y(h) = -80*h**2 + 25*h - 80*h - h**3 + 71*h**2 - 12 + 26*h + 20*h. Determine y(-8).
-4
Let v(n) = 2*n**3 + 9*n**2 - 21*n - 10. Let q be v(-6). Suppose 1 + 3 = 2*d. Let y(h) = -6 - 5 + 2*h**2 - 8*h + 3*h**d - 4*h**2. Determine y(q).
-11
Suppose -5*q - 3*z + 28 = 0, 37 - 5 = 3*q - 2*z. Let f be (-16)/q + -4 + 3. Let a = f + -4. Let x(g) = g**2 + 10*g + 7. Determine x(a).
-14
Let a(x) = -84*x**2 - 10*x - 3. Let k(q) = -57*q**2 - 11*q - 3. Let v(u) = 2*a(u) - 3*k(u). What is v(-6)?
33
Let k be (-1)/2 + (-42)/(-12). Suppose k = -n + 2. Let t(g) be the second derivative of -g**4/6 - g**3/6 + 18*g. Give t(n).
-1
Let c(g) = g**3 + g + 2. Suppose 8 = 381*o - 379*o. Suppose 0 = 29*v - 4 + o. Calculate c(v).
2
Suppose -2*u + 4 = 18. Let l(c) be the first derivative of 2*c**3/3 + 13*c**2/2 + c - 12800. What is l(u)?
8
Let u(f) = 34*f + 6. Let p be u(-3). Let h = p + 98. Let r(z) = -3*z**2 - 4*z**2 + 11*z - z**h + 7*z**2 + 1. Give r(10).
11
Suppose -14 = -5*x + 3*x. Suppose -x*d + 6 = -29. Let p(k) = -k**3 + 6*k**2 - k + 2. What is p(d)?
22
Let r(z) = 2*z**2 - 4*z - 4*z**2 + 3*z**2 - 9. Let l = -229 - -401. Suppose 0 = 3*g - 193 + l. What is r(g)?
12
Let c(x) = -46*x**2 + x + 1. Let i be (-4)/(-42) + 644/(-588). What is c(i)?
-46
Let x(k) = k**3 + 13*k**2 - 11*k - 48. Let c be x(-13). Let b(u) = c + 4*u - 2*u + u - 96. Determine b(1).
2
Let u = -31 + 12. Let v = u - -13. Let j(a) be the first derivative of a**3/3 + 3*a**2 - 2*a - 77. Calculate j(v).
-2
Let a(x) = -x**3 - 9*x**2 - 8*x. Suppose 0 = -u + 5*z - 3*z + 173, z = -5*u + 821. Let c = u - 173. Calculate a(c).
0
Let k(n) = -n**3 - 4*n + 82*n**2 + 93*n**2 - 181*n**2 + 7. Determine k(-5).
2
Let s(h) = -18*h + 22. Let u = -4535 + 4537. Determine s(u).
-14
Let j(q) = q**2 + q. Let r be 36/24*1*-2. Let y be (3 + 0 + r - -1)*-1. What is j(y)?
0
Suppose 0 = 7*b + 12*b -